 0 + -4 - -2. What are the prime factors of ((-14)/28)/((-2)/d)?
2
Suppose 0 = -4*j - z + 2890, 5*j + 5*z - 2717 - 903 = 0. What are the prime factors of j?
2, 19
Suppose -6*v = 384 - 10008. Suppose 0 = u - 5*u + i + 1285, -5*u = i - v. List the prime factors of u.
3, 107
Let c(l) = l**3 + 13*l**2 + 2*l - 6. Let k = -35 - -41. Let j(q) = q**3 + 12*q**2 + 2*q - 5. Let g(w) = k*j(w) - 5*c(w). List the prime factors of g(-6).
2, 3
Suppose 2261 = 13*j - 4603. List the prime factors of j.
2, 3, 11
Suppose -3*x + 534 = -153. List the prime factors of x.
229
Let b = 15 + 1708. List the prime factors of b.
1723
Let l be (-1)/(-5)*45/3. What are the prime factors of ((-19)/l)/(7/(-63))?
3, 19
What are the prime factors of 28554/11 - (-8)/220*5?
2, 11, 59
Suppose -2*w + 7*w = 115. Let l = 47 - w. What are the prime factors of (14/8)/(2/l)?
3, 7
Suppose 0 = -2*h + 2 + 6. Suppose -2*x = q + 2*q - h, -4*q = 4*x. Suppose 57 = q*d - 5*g, 3*d - 6*d + 5*g = -39. List the prime factors of d.
2, 3
Suppose 0 = 5*z - 3*k - 0*k - 6, 5*z = -5*k - 10. Suppose -2*m - 4*l + 2 + 14 = z, 6 = 3*m - 3*l. What are the prime factors of (-18)/m*320/(-30)?
2, 3
Suppose 16*w - 320 = -4*w. What are the prime factors of w?
2
Let q(g) = -g**2 + 10*g - 4. Let j be q(4). Suppose -5*i + j = 0, 0 = 4*y - 9*y + 3*i + 58. Suppose -y*x = -12*x - 54. What are the prime factors of x?
3
Let j(k) = 5*k**2 + 3*k - 2. Let b(y) = 6*y**2 + 3*y - 2. Let f(p) = -4*b(p) + 5*j(p). Let a be f(12). Let o = a - 99. What are the prime factors of o?
79
Let d(x) be the third derivative of x**4/8 + 5*x**3/3 + 4*x**2. Let b be d(9). Suppose u + 8 = b. What are the prime factors of u?
29
Let y = -5 - -8. Suppose 0*p - i + 8 = 2*p, 0 = -3*p + i + 2. What are the prime factors of 18 - y - (0 - p)?
17
Let a = 473 + -160. What are the prime factors of a?
313
Suppose -3*c = b - 1883, 2524 = 15*c - 11*c + 4*b. List the prime factors of c.
2, 313
Let p(w) = -w**3 - w**2 - 10*w + 878. List the prime factors of p(0).
2, 439
Suppose -4*r - 3*k - 20 = 10, 2*r = -5*k - 8. Let x = r + 16. What are the prime factors of x?
7
Let s(b) = -12*b**2 + 8*b - 17. Let k be s(3). Let q = -95 - k. What are the prime factors of q?
2, 3
Let a(m) be the second derivative of m**5/20 + 3*m**4/4 + m**3/3 - 6*m**2 - 10*m. What are the prime factors of a(-7)?
2, 3
Suppose 7*y - 5 = 6*y. Suppose y*w - 261 = 3*k, -5*k = w - 4*k - 49. What are the prime factors of w?
3, 17
Suppose 0 = -0*r + 3*r. Suppose r = -f - 3*f + 240. Suppose -o = -4*z - 33, 2*o - 4*z = z + f. What are the prime factors of o?
5
Suppose -2*r + 512 = 4*h, 5*r - 640 = -2*h - 3*h. Let a = h + -80. What are the prime factors of a?
2, 3
Let t = -376 + 596. What are the prime factors of t?
2, 5, 11
Let g(l) = 2*l**3 + 2*l**2 - 2*l. Let h be g(-2). What are the prime factors of 56/1 + (-4 - h)?
2, 7
Let x(g) = -161*g + 5. Let d(z) = 32*z - 1. Let l(o) = -11*d(o) - 2*x(o). List the prime factors of l(-1).
31
Let l(b) = b**3 - 5*b**2 + 12*b. Let p be l(7). Suppose -p = -n - 46. List the prime factors of n.
2, 17
Let n(o) = o**3 + o**2 + 13. Let c be n(0). List the prime factors of -6*(-4)/12*c.
2, 13
Let c = 3387 + 602. What are the prime factors of c?
3989
Let q = 55 + -50. Suppose -5*j - 20 = 2*r - 0*r, 4*j + 16 = -r. Suppose r*i - q*i = -80. What are the prime factors of i?
2
Let c = 485 - 297. Suppose 14*j - 18*j = -c. List the prime factors of j.
47
Let y(a) be the second derivative of a**4/12 + a**3 - 9*a**2/2 - 2*a. Let z be y(-7). List the prime factors of (-112)/(-6) - z/(-3).
2, 3
Let t(x) = -9*x**2 + 7*x - 7*x**2 - 9*x**2 + 28*x**2 + 22. What are the prime factors of t(-7)?
2, 3, 5
Suppose 3*f + 0*f - 399 = 0. List the prime factors of f.
7, 19
Let d(z) = z**3 + 10*z**2 + z + 3. Let b be d(-5). Let y = 218 - b. List the prime factors of y.
5, 19
Let b(j) = 52*j - 1. Let r be b(5). Suppose 2*k - 6*c - r = -c, 2*c = 2*k - 250. What are the prime factors of k?
2, 61
Suppose -4*l = -2*d - 10, l = d - 0 + 2. Let t be 0 + -3 + l + 101. Let a = t - 71. What are the prime factors of a?
2, 3, 5
Let k(a) = 399*a + 76. What are the prime factors of k(2)?
2, 19, 23
Let x = -1341 - -2168. What are the prime factors of x?
827
Let p(t) = 2811*t**3 + 3*t**2 - 6*t + 4. List the prime factors of p(1).
2, 19, 37
What are the prime factors of -5 - -500 - 0/1?
3, 5, 11
Suppose -5*x = 4*d - 855, -24 = -3*d - 9. What are the prime factors of x?
167
What are the prime factors of (125/(-5) + -1)*(-6)/2?
2, 3, 13
Let j = 31 - 26. Suppose k = -2*i + i + 42, j*k = -i + 202. What are the prime factors of k?
2, 5
Suppose -1629 - 1615 = -4*v. List the prime factors of v.
811
Suppose -3*v + 37 = -89. Suppose 0 = 3*l - 4*x - 59, x = 4*l + 3*x - v. Let u = l + 16. What are the prime factors of u?
29
What are the prime factors of (-8)/10 + 2447718/910?
2689
Suppose 5*c + 0*c = 3*k + 3628, 0 = 3*k + 3. What are the prime factors of c?
5, 29
Let x = 622 - 360. Suppose 3*b - x = -5*d, b = -3*b + d + 380. List the prime factors of b.
2, 47
Let t(x) = -x**3 - x**2 + 2*x + 2. Let b be t(-2). Suppose -k = b*k - 60. List the prime factors of k.
2, 5
Suppose 8 = -m + 23. Let v = 239 + m. What are the prime factors of v?
2, 127
Let a(g) = g**3 - 3*g**2 - 7*g + 1. Let b be a(5). Suppose 0 = b*x - 13*x - 24. What are the prime factors of (-4 - x/2)/(-1)?
2
Suppose -3*q + 106 - 22 = 0. Let i = 26 + q. Suppose -a - 4*o = -18, 2*o - o = 2*a - i. List the prime factors of a.
2, 13
Let g(v) = -5 + v + 2 - 6 + 0*v. Let a be g(6). Let j = 12 + a. What are the prime factors of j?
3
Let j(v) = 23*v**3 - 3*v - 4. List the prime factors of j(3).
2, 19
Let v = 63 + 135. Suppose 5*t = v - 68. Suppose -5*o + 79 + t = 0. What are the prime factors of o?
3, 7
Suppose 4*b + 118 = w, -3*b + 2 = -5*b. List the prime factors of w.
2, 3, 19
What are the prime factors of 1/(10/9035) + 1/(-2)?
3, 7, 43
Suppose 5 = -5*r + 20. Let x be (0 + (0 - 1))*-1. List the prime factors of (27 - 0 - r)*x.
2, 3
Let q(o) = o**3 - 10*o**2 + 9*o - 10. List the prime factors of q(10).
2, 5
Let k = -7 + 10. Suppose k*t = -2*t + 75. List the prime factors of (1 + 2/(-6))*t.
2, 5
Let h be ((-5)/10)/(1/(-8)). Let w(l) = 3*l + 10. What are the prime factors of w(h)?
2, 11
Suppose 0 = -2*x + 6*x. Let q(u) = 27*u**3 - 26*u**3 + 51 + u**2 + x*u**2. What are the prime factors of q(0)?
3, 17
Let u(r) = -4*r**2 + 3. Let y(f) = 4*f**2 - f - 2. Let t(g) = -3*u(g) - 2*y(g). What are the prime factors of t(4)?
67
Suppose y - 607 = -4*g, 3*g = 5*g - 3*y - 321. Let w = g + -84. What are the prime factors of w?
3, 23
Suppose 4*c - 40 = -c. Let h(v) be the first derivative of v**2/2 + 9*v + 13. What are the prime factors of h(c)?
17
Suppose -5*g + 5904 = 4*w, 7380 = -63*w + 68*w + 3*g. What are the prime factors of w?
2, 3, 41
Suppose 0 = 26*g - 14047 - 5609. List the prime factors of g.
2, 3, 7
List the prime factors of 337 + 4 + (0 - 3) + 3.
11, 31
Suppose 5*a + 10 = j + 4*j, 3*a + 1 = 2*j. Suppose 3 = -b, 5*b = j*z - z - 355. List the prime factors of z.
5, 17
Suppose 473*z - 12465 = 464*z. What are the prime factors of z?
5, 277
Suppose 5*c = -0*c + 5*n - 300, -2*c = 2*n + 132. Let k be 986/(-10) - (-3)/5. Let b = c - k. List the prime factors of b.
5, 7
Suppose 3*d + 1131 = 3*w, -554 = -3*w - d + 585. List the prime factors of w.
379
Let q(a) = a + 4. Let k be q(-1). Let s = 2 - 2. Suppose s = 4*x - 4*b - 168, -k*x + 5*x - 81 = 3*b. List the prime factors of x.
3, 5
What are the prime factors of (-249)/(172/(-16) + 10)?
2, 83
Let l = 3258 - 433. What are the prime factors of l?
5, 113
Let h(b) = -b**2 + 7*b - 1. Let j be h(6). Let i = -63 + 77. Suppose 136 = j*q - i. What are the prime factors of q?
2, 3, 5
Suppose 4*v - 4*a - 640 = 0, -2*a = 2*v - 202 - 122. Suppose -3*l = -4*b - 132, 37 = 4*b - 5*l + v. What are the prime factors of b/(-2) - (3 - 1)?
2
Let a = 4 - 1. Let c = 112 - 114. What are the prime factors of c/a + 238/6?
3, 13
Suppose -4*s = -506 - 1550. What are the prime factors of s?
2, 257
Let v(b) = 49*b**3 - b**2 + 2*b - 2. Let a be v(1). Let k be ((-10)/(-3))/(4/30). Let p = a - k. What are the prime factors of p?
23
Let m(x) = -21*x + 15. Let u be m(-5). Suppose 0*i - u = -2*i. List the prime factors of i.
2, 3, 5
Let b(x) = -72*x + 94. List the pr